t are the prime factors of 953?
953
List the prime factors of 591.
3, 197
List the prime factors of 98686.
2, 7, 19, 53
What are the prime factors of 13570?
2, 5, 23, 59
List the prime factors of 13399.
13399
List the prime factors of 53042.
2, 11, 2411
What are the prime factors of 3672?
2, 3, 17
List the prime factors of 43573.
43573
List the prime factors of 6787.
11, 617
List the prime factors of 4453.
61, 73
What are the prime factors of 606?
2, 3, 101
List the prime factors of 12726.
2, 3, 7, 101
List the prime factors of 1780.
2, 5, 89
List the prime factors of 37222.
2, 37, 503
What are the prime factors of 1352?
2, 13
What are the prime factors of 4010?
2, 5, 401
What are the prime factors of 108670?
2, 5, 10867
What are the prime factors of 82?
2, 41
List the prime factors of 11228.
2, 7, 401
List the prime factors of 7809.
3, 19, 137
What are the prime factors of 1158?
2, 3, 193
What are the prime factors of 867?
3, 17
List the prime factors of 63651.
3, 7, 433
List the prime factors of 30995.
5, 6199
What are the prime factors of 5194?
2, 7, 53
What are the prime factors of 19943?
7, 11, 37
What are the prime factors of 3016?
2, 13, 29
List the prime factors of 80542.
2, 7, 11, 523
What are the prime factors of 3145?
5, 17, 37
What are the prime factors of 14601?
3, 31, 157
What are the prime factors of 5579?
7, 797
List the prime factors of 54873.
3, 7, 13, 67
List the prime factors of 573.
3, 191
What are the prime factors of 39798?
2, 3, 11, 67
What are the prime factors of 743?
743
What are the prime factors of 8368?
2, 523
List the prime factors of 1047.
3, 349
What are the prime factors of 35990?
2, 5, 59, 61
List the prime factors of 3302.
2, 13, 127
What are the prime factors of 6578?
2, 11, 13, 23
What are the prime factors of 2252?
2, 563
What are the prime factors of 46?
2, 23
What are the prime factors of 727?
727
List the prime factors of 8002.
2, 4001
What are the prime factors of 2496?
2, 3, 13
List the prime factors of 18959.
18959
List the prime factors of 1159.
19, 61
List the prime factors of 843.
3, 281
List the prime factors of 14399.
7, 11, 17
What are the prime factors of 715?
5, 11, 13
List the prime factors of 13105.
5, 2621
What are the prime factors of 908?
2, 227
What are the prime factors of 103810?
2, 5, 7, 1483
List the prime factors of 4533.
3, 1511
List the prime factors of 2805.
3, 5, 11, 17
List the prime factors of 349.
349
List the prime factors of 47236.
2, 7, 241
What are the prime factors of 28473?
3, 9491
List the prime factors of 959.
7, 137
List the prime factors of 2887.
2887
What are the prime factors of 49144?
2, 6143
List the prime factors of 9571.
17, 563
What are the prime factors of 23118?
2, 3, 3853
List the prime factors of 7158.
2, 3, 1193
List the prime factors of 1639.
11, 149
List the prime factors of 61.
61
List the prime factors of 2333.
2333
List the prime factors of 1308.
2, 3, 109
List the prime factors of 1525.
5, 61
What are the prime factors of 1045?
5, 11, 19
What are the prime factors of 60159?
3, 11, 1823
List the prime factors of 4566.
2, 3, 761
List the prime factors of 72276.
2, 3, 19, 317
List the prime factors of 2043.
3, 227
What are the prime factors of 59554?
2, 11, 2707
List the prime factors of 337.
337
List the prime factors of 1247.
29, 43
What are the prime factors of 14?
2, 7
What are the prime factors of 3100?
2, 5, 31
What are the prime factors of 66942?
2, 3, 3719
What are the prime factors of 118520?
2, 5, 2963
What are the prime factors of 49417?
49417
List the prime factors of 1733.
1733
List the prime factors of 1126.
2, 563
List the prime factors of 1887.
3, 17, 37
List the prime factors of 10076.
2, 11, 229
What are the prime factors of 404?
2, 101
What are the prime factors of 3203?
3203
List the prime factors of 4822.
2, 2411
What are the prime factors of 6955?
5, 13, 107
List the prime factors of 27802.
2, 13901
List the prime factors of 57566.
2, 107, 269
What are the prime factors of 65902?
2, 83, 397
What are the prime factors of 33394?
2, 59, 283
What are the prime factors of 7462?
2, 7, 13, 41
What are the prime factors of 1033?
1033
What are the prime factors of 22020?
2, 3, 5, 367
List the prime factors of 14047.
11, 1277
List the prime factors of 52449.
3, 17483
What are the prime factors of 9288?
2, 3, 43
What are the prime factors of 20302?
2, 10151
What are the prime factors of 47886?
2, 3, 23, 347
What are the prime factors of 60380?
2, 5, 3019
What are the prime factors of 1396?
2, 349
What are the prime factors of 64170?
2, 3, 5, 23, 31
What are the prime factors of 9278?
2, 4639
What are the prime factors of 3085?
5, 617
List the prime factors of 13976.
2, 1747
List the prime factors of 343.
7
List the prime factors of 39259.
11, 43, 83
List the prime factors of 7355.
5, 1471
List the prime factors of 4417.
7, 631
What are the prime factors of 4027?
4027
What are the prime factors of 1948?
2, 487
List the prime factors of 4169.
11, 379
What are the prime factors of 1715?
5, 7
List the prime factors of 41036.
2, 10259
List the prime factors of 5488.
2, 7
What are the prime factors of 1378?
2, 13, 53
List the prime factors of 466.
2, 233
What are the prime factors of 1052?
2, 263
What are the prime factors of 22123?
22123
What are the prime factors of 23774?
2, 11887
List the prime factors of 33375.
3, 5, 89
What are the prime factors of 11068?
2, 2767
What are the prime factors of 408?
2, 3, 17
List the prime factors of 237.
3, 79
What are the prime factors of 19995?
3, 5, 31, 43
What are the prime factors of 10864?
2, 7, 97
What are the prime factors of 63?
3, 7
What are the prime factors of 47510?
2, 5, 4751
List the prime factors of 53490.
2, 3, 5, 1783
What are the prime factors of 323?
17, 19
What are the prime factors of 2592?
2, 3
List the prime factors of 871.
13, 67
List the prime factors of 366.
2, 3, 61
What are the prime factors of 3554?
2, 1777
List the prime factors of 34969.
11, 17
List the prime factors of 530.
2, 5, 53
List the prime factors of 27358.
2, 13679
List the prime factors of 14032.
2, 877
List the prime factors of 21776.
2, 1361
What are the prime factors of 8379?
3, 7, 19
What are the prime factors of 2832?
2, 3, 59
List the prime factors of 3896.
2, 487
What are the prime factors of 4379?
29, 151
What are the prime factors of 3073?
7, 439
List the prime factors of 18103.
43, 421
List the prime factors of 157.
157
What are the prime factors of 83600?
2, 5, 11, 19
What are the prime factors of 8775?
3, 5, 13
List the prime factors of 11175.
3, 5, 149
What are the prime factors of 3670?
2, 5, 367
List the prime factors of 3681.
3, 409
List the prime factors of 1398.
2, 3, 233
List the prime factors of 45507.
3, 7, 11, 197
What are the prime factors of 138?
2, 3, 23
List the prime factors of 446.
2, 223
What are the prime factors of 1358?
2, 7, 97
What are the prime factors of 1022?
2, 7, 73
What are the prime factors of 690?
2, 3, 5, 23
What are the prime factors of 3822?
2, 3, 7, 13
List the prime factors of 2320.
2, 5, 29
List the prime factors of 11181.
3, 3727
List the prime factors of 606.
2, 3, 101
What are the prime factors of 40861?
29, 1409
List the prime factors of 2658.
2, 3, 443
List the prime factors of 90930.
2, 3, 5, 7, 433
What are the prime factors of 9373?
7, 13, 103
List the prime factors of 228.
2, 3, 19
What are the prime factors of 16065?
3, 5, 7, 17
List the prime factors of 13999.
13999
List the prime factors of 11.
11
What are the prime factors of 1198?
2, 599
List the prime factors of 2782.
2, 13, 107
List the prime factors of 1314.
2, 3, 73
What are the prime factors of 602?
2, 7, 43
List the prime factors of 43.
43
List the prime factors of 150614.
2, 75307
List the prime factors of 9700.
2, 5, 97
List the prime factors of 19340.
2, 5, 967
What are the prime factors of 5701?
5701
List the prime factors of 920.
2, 5, 23
List the prime factors of 2187.
3
List the prime factors of 409.
409
What are the prime factors of 142090?
2, 5, 13, 1093
List the prime factors of 75754.
2, 7, 773
List the prime factors of 11288.
2, 17, 83
What are the prime factors of 25830?
2, 3, 5, 7, 41
List the prime factors of 84974.
2, 42487
What are the prime factors of 148455?
3, 5, 3299
What